se 12.
-879b
What is 10b11 (base 14) in base 2?
1001111010001011
Convert -11211122 (base 3) to base 5.
-103102
What is 2208 (base 14) in base 4?
1130000
What is 3132 (base 4) in base 6?
1010
-455 (base 8) to base 11
-254
What is -3c3a (base 16) in base 11?
-10647
What is 508 (base 16) in base 4?
110020
-30 (base 14) to base 15
-2c
453 (base 12) to base 10
639
-646 (base 9) to base 11
-440
Convert -710 (base 15) to base 11.
-1216
-122102221 (base 3) to base 13
-5a31
3624 (base 11) to base 10
4745
-1266 (base 7) to base 8
-751
What is -2130 (base 4) in base 16?
-9c
What is 63 (base 9) in base 10?
57
Convert -1131 (base 5) to base 11.
-141
10240 (base 7) to base 16
9df
-1128 (base 9) to base 8
-1504
Convert -11305 (base 6) to base 14.
-841
What is 25 (base 14) in base 16?
21
What is 225 (base 14) in base 10?
425
What is -130 (base 9) in base 15?
-73
What is -2376 (base 12) in base 2?
-111110001010
12653 (base 7) to base 3
11200122
What is -172 (base 16) in base 10?
-370
What is -2165 (base 13) in base 16?
-1226
-12313130 (base 4) to base 9
-42518
What is -393 (base 15) in base 8?
-1455
Convert -10a58 (base 12) to base 7.
-121565
Convert 2311100 (base 4) to base 16.
2d50
What is 3124133 (base 5) in base 4?
30221101
What is 10 (base 12) in base 8?
14
What is -3a0 (base 11) in base 15?
-218
Convert 222110100 (base 3) to base 14.
7059
What is 4936 (base 11) in base 13?
2c24
Convert -1aab (base 13) to base 3.
-12112012
What is 1101001100110001 (base 2) in base 7?
313424
-12335 (base 7) to base 5
-101020
Convert 35335 (base 9) to base 11.
16808
Convert 500 (base 13) to base 8.
1515
Convert -22212100 (base 3) to base 11.
-4945
Convert 176 (base 12) to base 8.
352
-557 (base 12) to base 10
-787
Convert 11001110000 (base 2) to base 12.
b54
What is 45d1 (base 15) in base 9?
22287
Convert 1101111011 (base 2) to base 13.
537
Convert 23203310 (base 4) to base 10.
47348
What is -11001010011000 (base 2) in base 14?
-4a12
Convert -6285 (base 11) to base 15.
-26eb
Convert -2303 (base 8) to base 12.
-857
656 (base 8) to base 11
361
Convert -12135 (base 6) to base 16.
-6fb
1111002 (base 3) to base 5
13312
-29aa4 (base 12) to base 13
-2088a
What is 3b (base 12) in base 9?
52
-115505 (base 8) to base 4
-21231011
What is 394 (base 14) in base 11?
5a3
Convert -1387 (base 10) to base 7.
-4021
11143 (base 6) to base 5
22300
What is 2223 (base 6) in base 11?
432
Convert 261 (base 8) to base 13.
108
Convert -1111000001 (base 3) to base 2.
-111000111101001
Convert 14 (base 16) to base 14.
16
Convert db6 (base 16) to base 6.
24130
Convert 21033 (base 6) to base 14.
1061
805 (base 12) to base 15
522
What is -851 (base 9) in base 12?
-49a
-391 (base 12) to base 3
-202001
What is -24 (base 7) in base 13?
-15
Convert -58 (base 12) to base 11.
-62
9 (base 11) to base 9
10
-3361 (base 7) to base 16
-4c3
What is -183a (base 11) in base 3?
-10012202
Convert 103404 (base 6) to base 16.
217c
Convert -21454 (base 6) to base 16.
-baa
Convert 193 (base 12) to base 14.
143
Convert -25502 (base 6) to base 13.
-19a6
-3202103 (base 4) to base 15
-4458
What is -17a4 (base 15) in base 10?
-5104
Convert 20102101 (base 3) to base 9.
6371
Convert 622 (base 8) to base 9.
486
4280 (base 10) to base 12
2588
Convert 5208 (base 11) to base 2.
1101011111001
What is -1020553 (base 6) in base 10?
-49461
-7093 (base 14) to base 11
-1358a
-36547 (base 8) to base 3
-210120012
43507 (base 8) to base 3
221000211
What is -12b7 (base 14) in base 9?
-4463
4301 (base 7) to base 3
2002022
What is 313221 (base 5) in base 6?
120152
Convert -2098 (base 11) to base 14.
-101b
What is -431 (base 16) in base 10?
-1073
-2a70 (base 16) to base 13
-4c39
Convert -8c6 (base 15) to base 6.
-13110
What is 578 (base 10) in base 12?
402
Convert -b38 (base 12) to base 2.
-11001011100
Convert -9326 (base 13) to base 2.
-100111101011000
Convert -11000111101 (base 2) to base 8.
-3075
What is 367 (base 16) in base 4?
31213
Convert 13c9 (base 14) to base 5.
103014
66 (base 16) to base 15
6c
Convert 763 (base 8) to base 3.
200111
What is 11100101111 (base 2) in base 14?
955
Convert 3204 (base 5) to base 11.
360
Convert 1001101101101 (base 2) to base 10.
4973
What is 112151 (base 7) in base 11?
14013
What is -344 (base 6) in base 9?
-161
-1530 (base 6) to base 4
-12132
What is 7ba (base 16) in base 8?
3672
-1002211 (base 3) to base 16
-325
-62157 (base 8) to base 14
-9527
-2012110010 (base 3) to base 8
-124512
1104 (base 14) to base 16
b80
Convert 201010 (base 3) to base 5.
4031
Convert -12b3 (base 12) to base 3.
-2221200
Convert -212221 (base 3) to base 13.
-3a9
What is -1001212 (base 3) in base 4?
-30023
1213 (base 4) to base 5
403
-6024 (base 8) to base 7
-12005
413142 (base 5) to base 11
a1a6
Convert 5784 (base 12) to base 15.
2d4d
-250226 (base 7) to base 10
-45737
444 (base 11) to base 8
1024
Convert -52106 (base 10) to base 12.
-261a2
Convert 157606 (base 8) to base 16.
df86
What is -2850 (base 11) in base 15?
-115a
What is -eee (base 15) in base 7?
-12560
Convert -1513 (base 9) to base 3.
-1120110
What is 33233 (base 4) in base 9?
1338
What is -33217 (base 10) in base 13?
-12172
Convert 2010220 (base 3) to base 2.
11000011011
What is -1703 (base 8) in base 14?
-4cb
-5020 (base 8) to base 3
-10112102
231232 (base 4) to base 5
43201
100101000001011 (base 2) to base 9
28001
What is 1112210001 (base 3) in base 10?
30457
What is 21202121 (base 3) in base 14?
20c3
-33471 (base 9) to base 7
-121615
What is -2ea6 (base 15) in base 11?
-7612
Convert 2a37 (base 16) to base 7.
43336
Convert 58 (base 14) to base 6.
210
-4b27 (base 13) to base 9
-15576
Convert 3089 (base 14) to base 4.
2002201
-cd8 (base 15) to base 8
-5527
Convert -994a (base 11) to base 8.
-31502
-1010011001 (base 2) to base 8
-1231
-64650 (base 7) to base 3
-211002120
Convert -2441 (base 6) to base 16.
-259
What is -c20c (base 14) in base 2?
-1000001000110100
What is 2605 (base 11) in base 7?
12615
Convert -53846 (base 9) to base 2.
-1000101101100010
What is 204221 (base 5) in base 16?
1a9b
What is -193a6 (base 11) in base 7?
-142002
Convert -3122 (base 6) to base 4.
-22322
14113 (base 7) to base 11
2974
3815 (base 12) to base 13
2b79
1100 (base 10) to base 12
778
c8bd (base 15) to base 11
29a07
-6076 (base 8) to base 11
-239a
15001 (base 6) to base 7
6634
What is -11031020 (base 4) in base 7?
-116105
Convert -116676 (base 8) to base 11.
-28381
What is 1100221020 (base 3) in base 16?
692d
Convert 4012 (base 5) to base 10.
507
-1266 (base 9) to base 7
-2526
What is -112 (base 8) in base 12?
-62
What is 1281 (base 9) in base 16?
3c4
What is 3737 (base 16) in base 5?
423020
-458 (base 12) to base 13
-3a7
What is 7b4 (base 12) in base 15?
514
What is 3202 (base 12) in base 2?
1010101100010
Convert 24022 (base 5) to base 4.
123202
What is -31594 (base 10) in base 15?
-9564
4405 (base 7) to base 10
1573
What is -332 (base 8) in base 7?
-431
Convert -130110 (base 4) to base 10.
-1812
What is -45111 (base 7) in base 8?
-26160
-581 (base 9) to base 11
-3a5
What is 26352 (base 12) in base 16?
cc6e
Convert 11001101 (base 2) to base 9.
247
Convert -1767 (base 15) to base 6.
-35211
Convert 37a (base 12) to base 11.
439
-b26d (base 14) to base 6
-354001
Convert 491a (base 12) to base 3.
102021211
What is 238 (base 15) in base 7?
1316
What is -15233 (base 7) in base 13?
-1c10
865 (base 14) to base 10
1657
What is -100202 (base 4) in base 10?
-1058
What is -137d4 (base 16) in base 11?
-54a81
-2106 (base 7) to base 5
-10431
What is 37635 (base 9) in base 7?
133526
1232203 (base 5) to base 15
71d8
What is 4421 (base 8) in base 2?
100100010001
a67 (base 14) to base 3
2210222
What is 101010110 (base 2) in base 12?
246
What is 1115301 (base 6) in base 16?
de55
What is -14400 (base 5) in base 13?
-733
10232123 (base 4) to base 16
4b9b
What is -b71 (base 16) in base 8?
-5561
Convert -101011010110001 (base 2) to base 9.
-33388
Convert -10110011 (base 2) to base 8.
-263
Convert 482 (base 14) to base 13.
541
-342 (base 7) to base 2
-10110001
What is -9010 (base 10) in base 16?
-2332
180 (base 15) to base 5
2340
What is -1021022020 (base 3) in base 8?
-60660
Convert -1002002 (base 3) to base 4.
-30101
What is 53d9 (base 15) in base 6?
214110
515 (base 16) to base 4
110111
What is -4a98 (base 13